3?
5
What is the ten millions digit of 1333288785?
3
What is the hundreds digit of 1185693144?
1
What is the hundreds digit of 42043387?
3
What is the tens digit of 64945117?
1
What is the ten millions digit of 3084183977?
8
What is the hundreds digit of 29106580?
5
What is the tens digit of 18412815?
1
What is the tens digit of 46594633?
3
What is the hundred millions digit of 1428346698?
4
What is the millions digit of 8158265726?
8
What is the ten millions digit of 91107234?
9
What is the hundred thousands digit of 4622012545?
0
What is the units digit of 66358662?
2
What is the hundred thousands digit of 5537344485?
3
What is the billions digit of 3339205758?
3
What is the tens digit of 468950420?
2
What is the hundred thousands digit of 1326918?
3
What is the ten thousands digit of 4156089537?
8
What is the hundreds digit of 28222020?
0
What is the units digit of 6132454867?
7
What is the thousands digit of 23886804?
6
What is the hundreds digit of 2394452?
4
What is the millions digit of 51814991?
1
What is the ten millions digit of 1068808794?
6
What is the units digit of 331491147?
7
What is the ten millions digit of 318295815?
1
What is the hundreds digit of 55657040?
0
What is the hundreds digit of 824358206?
2
What is the ten thousands digit of 50351291?
5
What is the thousands digit of 2162839?
2
What is the hundred thousands digit of 64693627?
6
What is the hundred millions digit of 244992867?
2
What is the ten thousands digit of 215969416?
6
What is the ten millions digit of 610640630?
1
What is the millions digit of 28073851?
8
What is the thousands digit of 24681995?
1
What is the ten millions digit of 243511933?
4
What is the tens digit of 54499092?
9
What is the ten thousands digit of 88520239?
2
What is the tens digit of 334889308?
0
What is the units digit of 347289351?
1
What is the ten thousands digit of 103342142?
4
What is the hundred millions digit of 562162065?
5
What is the hundred thousands digit of 6044845?
0
What is the hundreds digit of 17029265?
2
What is the hundreds digit of 614798500?
5
What is the tens digit of 1040318341?
4
What is the ten millions digit of 649603961?
4
What is the thousands digit of 230504255?
4
What is the hundred thousands digit of 440974202?
9
What is the thousands digit of 1187582029?
2
What is the millions digit of 188361030?
8
What is the thousands digit of 364636647?
6
What is the thousands digit of 1642886426?
6
What is the thousands digit of 18471051?
1
What is the units digit of 19797394?
4
What is the units digit of 4920204939?
9
What is the hundreds digit of 1026047176?
1
What is the tens digit of 1099328963?
6
What is the tens digit of 431140435?
3
What is the units digit of 5028986402?
2
What is the ten millions digit of 108350932?
0
What is the hundred thousands digit of 118069424?
0
What is the hundred thousands digit of 2668859681?
8
What is the hundred thousands digit of 966704953?
7
What is the hundred millions digit of 1350278385?
3
What is the thousands digit of 2281707765?
7
What is the hundreds digit of 1656225?
2
What is the millions digit of 171767070?
1
What is the thousands digit of 156815724?
5
What is the tens digit of 599854318?
1
What is the ten thousands digit of 44623713?
2
What is the units digit of 82975608?
8
What is the hundred millions digit of 3658906116?
6
What is the hundred thousands digit of 136212924?
2
What is the tens digit of 49106916?
1
What is the tens digit of 8035583?
8
What is the billions digit of 2172500288?
2
What is the hundred millions digit of 2036329182?
0
What is the ten millions digit of 672422381?
7
What is the tens digit of 413716046?
4
What is the units digit of 297700381?
1
What is the ten thousands digit of 3195461?
9
What is the ten thousands digit of 247620350?
2
What is the ten thousands digit of 292218878?
1
What is the hundred millions digit of 128554397?
1
What is the hundred thousands digit of 10391541?
3
What is the tens digit of 21631619?
1
What is the billions digit of 3935514201?
3
What is the tens digit of 134194905?
0
What is the thousands digit of 4087050?
7
What is the ten thousands digit of 265671945?
7
What is the hundreds digit of 38587890?
8
What is the millions digit of 4271851030?
1
What is the units digit of 50912913?
3
What is the ten millions digit of 223068182?
2
What is the ten millions digit of 59934603?
5
What is the thousands digit of 251366423?
6
What is the millions digit of 226403754?
6
What is the millions digit of 2439928435?
9
What is the millions digit of 146273410?
6
What is the hundreds digit of 626753917?
9
What is the ten millions digit of 192745357?
9
What is the ten thousands digit of 270546066?
4
What is the hundreds digit of 4380190?
1
What is the thousands digit of 284993149?
3
What is the ten millions digit of 824392784?
2
What is the ten millions digit of 265204158?
6
What is the thousands digit of 97581760?
1
What is the ten millions digit of 377928203?
7
What is the ten millions digit of 86414507?
8
What is the thousands digit of 3341918378?
8
What is the tens digit of 24119895?
9
What is the ten thousands digit of 28697944?
9
What is the units digit of 2965655333?
3
What is the millions digit of 118343137?
8
What is the hundred thousands digit of 545483226?
4
What is the millions digit of 74839900?
4
What is the ten thousands digit of 1889865546?
6
What is the hundreds digit of 2080578890?
8
What is the ten millions digit of 84195474?
8
What is the hundreds digit of 44894713?
7
What is the hundreds digit of 64318903?
9
What is the units digit of 722307525?
5
What is the millions digit of 79503519?
9
What is the millions digit of 1585787?
1
What is the ten millions digit of 10097068?
1
What is the hundreds digit of 4240627821?
8
What is the hundred millions digit of 499456741?
4
What is the ten thousands digit of 1020021531?
2
What is the hundred millions digit of 217364107?
2
What is the ten thousands digit of 207934503?
3
What is the thousands digit of 51692257?
2
What is the ten millions digit of 724992699?
2
What is the thousands digit of 2203448588?
8
What is the hundred millions digit of 192753616?
1
What is the ten millions digit of 20952334?
2
What is the millions digit of 267239154?
7
What is the hundreds digit of 190874868?
8
What is the thousands digit of 2107170344?
0
What is the millions digit of 101617997?
1
What is the units digit of 297430480?
0
What is the hundred thousands digit of 198585311?
5
What is the millions digit of 1178093007?
8
What is the units digit of 75723062?
2
What is the hundred thousands digit of 218538388?
5
What is the ten millions digit of 52101901?
5
What is the units digit of 305924400?
0
What is the thousands digit of 5802837680?
7
What is the thousands digit of 140908980?
8
What is the millions digit of 305581777?
5
What is the ten thousands digit of 13784160?
8
What is the millions digit of 621364968?
1
What is the hundred thousands digit of 921991864?
9
What is the hundreds digit of 278325710?
7
What is the units digit of 1464411804?
4
What is the ten millions digit of 2687012067?
8
What is the hundred millions digit of 423118774?
4
What is the ten thousands digit of 11416309?
1
What is the hundreds digit of 150266779?
7
What is the ten thousands digit of 120690652?
9
What is the ten thousands digit of 26271009?
7
What is the ten thousands digit of 493997529?
9
What is the hundred thousands digit of 730648910?
6
What is the thousands digit of 20885039?
5
What is the hundred thousands digit of 39376233?
3
What is the millions digit of 862825789?
2
What is the ten millions digit of 350883665?
5
What is the hundred thousands digit of 9848474?
8
What is the ten thousands digit of 11877349?
7
What is the thousands digit of 2916040244?
0
What is the ten millions digit of 3085508827?
8
What is the hundred thousands digit of 1618199995?
1
What is the units digit of 288831950?
0
What is the millions digit of 22598195?
2
What is the ten millions digit of 408438604?
0
What is the ten thousands digit of 86266179?
6
What is the thousands digit of 606083065?
3
What is the millions digit of 47625453?
7
What is the tens digit of 192262?
6
What is the ten millions digit of 552358953?
5
What is the tens digit of 21464257?
5
What is the hundreds 